at is the value of -3 - (0 - -4) - -5?
-2
Calculate 7 + (3 - -7) + -9.
8
What is (-4 - -1) + (2 - 2) + -2?
-5
Calculate 15 - (10 + -12 + 12).
5
Calculate -2 - (-2 + 0 + -8 - -5).
3
Evaluate 0 - (-3 + (21 - 9)).
-9
Calculate -8 + 1 - (20 + -14 - 19).
6
Calculate -6 + (-6 + 8 - -1) + -3.
-6
15 - 13 - (2 - 1)
1
What is the value of 3 - ((4 - -4) + 3 - 7)?
-1
((4 - 5) + -4 - 3) + 11
3
Evaluate 5 + 0 - (8 + -3 + -1).
1
-9 + 11 - (1 + 2 + 0)
-1
Evaluate 7 - (-7 + 12 + -5) - -3.
10
What is (1 - 4) + -5 + 11 + 1?
4
What is the value of -8 + 8 + (-8 - -3) + 10?
5
4 + (1 - 1 - 8) - -1
-3
Evaluate -1 + 2 + (-18 - -25).
8
-3 - 0 - -1 - -2 - 1
-1
What is the value of 4 + (-4 - 0) + -2?
-2
Calculate 4 - 0 - (4 + 3 + -2).
-1
Evaluate 2 + 9 + (-15 - -7).
3
-2 + -3 + 13 + -4 + 0
4
Evaluate -10 - (1 + -7) - 0.
-4
0 - 0 - ((6 - 6) + -5)
5
Calculate 2 + 7 + -8 + 1.
2
Calculate -2 - (-13 + 8 - 2).
5
(17 - (3 + -1)) + -12
3
Evaluate 4 + 1 + (7 - (10 - -1)).
1
What is the value of -3 - (-3 - -2 - 3) - 3?
-2
Calculate 9 - 12 - (1 + -3 - 0).
-1
Calculate -9 + -12 + 20 - 8.
-9
Evaluate -17 + (7 + -7 - -11).
-6
Evaluate 1 + (-2 - -2) + -1 + 4.
4
What is (-3 - 5) + 1 + 6?
-1
What is -5 + 2 + (-2 - -2) + 8?
5
Evaluate -1 + 5 + -9 + 7.
2
What is the value of 6 + (3 - 16 - 6 - -3)?
-10
What is -5 - (-4 + (6 + 0 - 7))?
0
Calculate -1 - -6 - (15 - 7).
-3
Calculate -34 + 37 + (1 - (1 - -6)).
-3
Calculate (4 - 2) + (-2 + 1 - -4).
5
Calculate -5 + -5 - -13 - (7 - 0).
-4
(24 - 56 - -23) + 4 + -1
-6
11 - (15 + -10 + 3)
3
Evaluate 5 + 2 + -3 + -8.
-4
Calculate (-49 - -53) + (1 - -1) + 1.
7
Calculate -2 + (0 - -8) + -5.
1
Calculate -3 + (2 - (0 - 1)) + -1.
-1
-32 + 32 - (-1 + 1 + -3)
3
Calculate (10 - 3) + -5 - (3 + -2).
1
Calculate (-42 - -4) + 30 - (-1 + -1).
-6
Calculate 13 + -17 + -4 + 2.
-6
What is the value of (-2 + 1 - -3) + -2?
0
What is -7 + (7 - 5) + 2 + 7?
4
What is 3 + 4 + -6 + (3 - 0)?
4
-3 - (-19 + (-14 - -25))
5
Calculate 3 - ((2 - 1) + (-4 - -3)).
3
What is the value of -1 - (-3 - -4 - 1)?
-1
What is the value of 9 + -11 - -5 - 3?
0
Evaluate 3 + (-4 - (-3 - 2)).
4
Calculate (1 - 3) + (-14 - 3 - -16).
-3
5 + (-2 - (-2 + 4 + -1))
2
Calculate -9 + (-14 - -11) + 14.
2
What is 2 - (-6 + -2 + 5)?
5
Calculate 5 + -3 + 3 - (5 - -1).
-1
Calculate 2 + 0 + 3 + -3.
2
What is (25 - 29) + 0 + (2 - 3)?
-5
Evaluate (0 - -3) + (-10 + 4 - -9).
6
2 + 0 - (-2 + (2 - -2))
0
What is 16 - (6 + 0) - 18?
-8
Evaluate (0 - -8) + -26 + 13.
-5
What is (8 - (-3 + 5)) + -1 + -1?
4
7 + -2 - (6 - 6)
5
10 - (9 - (-1 - -3))
3
What is the value of -5 + 8 + -3 + 2?
2
What is 12 + -1 + -6 + (-8 - -2)?
-1
Calculate (5 - -2) + -7 - -3.
3
What is the value of -23 + 23 - (-2 + -2)?
4
What is -1 - (-14 + 6 - -1)?
6
What is -4 + 0 + (1 - -2)?
-1
What is -10 - (4 + -6 + -5 + 3)?
-6
(-2 - 1) + (5 - 0) + -4
-2
Evaluate 2 + (-13 - -3) + 48 + -38.
2
Calculate -8 - ((-2 - 6) + 3).
-3
Evaluate 4 + 1 + (15 - 26).
-6
-1 - -1 - 4 - -9
5
What is 4 - (-1 + 0 - (-13 + 13))?
5
Evaluate -5 + (-4 - (3 + -1)) + 8.
-3
(6 - 10) + 9 + -1
4
Evaluate 0 - (1 - (-2 - -1)).
-2
Calculate (9 + -7 - -15) + -10.
7
11 + 4 + (-13 - -7)
9
4 + (1 - 12) + 4
-3
Evaluate 0 + 4 + 8 + -10.
2
What is 4 + 0 - (47 - 42)?
-1
Calculate (3 - (7 + -2) - 0) + 6.
4
Calculate -1 + 3 + (13 + -23 - -8).
0
4 + -1 + -202 + 196
-3
Calculate 0 + 7 - (-29 - -35).
1
What is the value of 6 + (4 - (10 - 2))?
2
3 + (3 - (-3 - -7))
2
What is (-13 - -1) + 26 - (4 - -1)?
9
Calculate 5 + -15 + 5 + 3 - 5.
-7
What is -6 + -1 + 5 - (-5 - -6)?
-3
3 + -1 + 4 - (2 - -3)
1
Evaluate -7 + 5 + -6 - -1 - -7.
0
What is the value of (1 - 6) + 5 + 5 - 3?
2
Calculate 1 - (7 - ((1 - 1) + 4)).
-2
What is -1 + -2 + (-4 - (3 + -13))?
3
3 + -6 + 7 + 0
4
Calculate 0 + (4 - -3) + -13.
-6
Calculate 2 + -4 - (0 - (22 - 11)).
9
Evaluate -1 - -3 - (-11 - (-9 + 1)).
5
Evaluate 0 + -1 + -6 + 1 + 6.
0
What is the value of (-4 - (-3 - -5)) + 14?
8
Calculate 2 - 1 - (6 + -5).
0
What is the value of 5 + -1 + -6 + -1 + -2?
-5
What is the value of -7 + (-8 - (-12 + 7 - 5))?
-5
What is the value of -21 + 9 - 1 - -7?
-6
-2 + 1 + (-4 - -2)
-3
What is the value of -2 + (3 - (2 - 8))?
7
(2 - -1) + (-1 - 1)
1
Calculate (1 + 3 - 3) + (7 - 5).
3
Evaluate 11 + (-15 - -7 - 9).
-6
What is the value of (9 - 7 - -4) + (-3 - 0)?
3
What is the value of 4 + -6 + -6 + 14?
6
Calculate -2 + -5 + (-5 - -6) + -1.
-7
(20 - 10) + -7 + -1
2
What is the value of -3 + 1 + 2 + (8 - 4)?
4
What is 0 - (-4 + 6 + 2 + -8)?
4
Calculate (0 - (0 - -2)) + -10 + 8.
-4
What is the value of 8 + -6 + -7 + (4 - 5)?
-6
What is the value of -3 - -3 - -4 - 2?
2
Calculate 5 + 1 + (-6 - -4).
4
What is the value of -9 + 0 + -79 + 82 - -5?
-1
Evaluate 2 - -9 - (-9 + 14).
6
What is -1 - -6 - (-1 + 22 + -7)?
-9
6 - (1 - -6) - (5 + 1)
-7
-16 - (-3 + -9 + 4)
-8
Evaluate 0 + -2 + 0 - 2.
-4
Evaluate -2 - (0 - 1 - (-20 + 20)).
-1
What is 30 - 39 - (-6 + 0)?
-3
-4 + (5 - -4) + 0 + -5
0
(0 - -3) + 1 + -2
2
What is (-6 - (0 + -5)) + 5?
4
-26 + 29 + 3 + -2
4
What is 4 + ((10 - 3) + -4 - 3)?
4
(0 + 3 - 11) + 11 + -5
-2
Calculate -10 + 2 + 5 + 2.
-1
What is 1 + -1 - (-24 + 27)?
-3
What is -1 - -3 - 8 - -12?
6
What is the value of 0 + ((-3 - -5) + -1 - -1)?
2
Calculate 3 + (0 - -2) + (-2 - -2).
5
(52 - 52) + -6 + 0
-6
Evaluate -104 + 91 - (0 + -21).
8
What is (0 - -1) + 4 + (52 - 59)?
-2
Calculate 0 + -1 + 4 + -3.
0
Evaluate (0 - 0) + 1 + 7 + -6.
2
What is the value of -6 - -16 - 0 - 6?
4
What is 3 + (-1 - -5) + -2?
5
What is the value of -1 + 3 - (18 + -17) - -1?
2
What is 0 + 5 + (1 - -1) - 4?
3
(1 - 2) + (4 - (-1 - -2))
2
Calculate 7 + -1 + 0 - 7.
-1
2 + -1 + (7 - (-5 - -17))
-4
What is the value of -5 + 7 + -4 - -5?
3
-3 + -5 + (-9 - -20)
3
What is 4 + (0 - (-2 + 4))?
2
Evaluate (3 - 0) + -2 + 2 + -4.
-1
What is (-1 - -3) + (-5 - 0 - -7)?
4
What is the value of -2 - (1 - (7 - (5 + -1)))?
0
-2 + 4 + -5 - 0
-3
Evaluate (-7 - (11 + -18)) + 3 + -1.
2
Calculate -3 - 0 - (1 - -1).
-5
-7 + (-3 + 0 - -4) + 0
-6
Calculate (-3 - -3 - -5) + -2.
3
Calculate 3 + -1 - (2 - (5 - 5)).
0
What is the value of -3 - 2 - (4 + -4)?
-5
Calculate -7 - (0 + -1) - (-83 - -70).
7
What is (-1 - 10) + 138 + -125?
2
Evaluate -3 + 0 + -73 + 70 - 4.
-10
Calculate (-6 - -8) + -5 + 0.
-3
Calculate 5 + -4 + (-5 - (1 + -2)).
-3
What is the value of 3 + 1 + 2 + -8?
-2
What is -2 + 9 + -7 + 2?
2
6 + -10 - (1 + 0 - 1)
-4
(-4 + -6 - -11) + 6
7
(7 - (-9 + -1 - -9)) + 1
9
Evaluate (1 - -1 - 0) + -8 + 7.
1
What is the value of (-4 - -1) + (5 - 4) + 3?
1
-3 + -1 - (-10 + (18 - 7))
-5
What is (-1 - -5) + -4 + -3?
-3
Calculate -1 - 1 - (-7 + 9 - 8).
4
Calculate -10 - 0 - -3 - (-4 - 0).
-3
What is 1 - -4 - (-6 + 21 - 10)?
0
Calculate 1 - -2 - (-8 - -6).
5
Evaluate 0 + (2 - (-2 - -1)) + -3.
0
Evaluate (-4 - -9) + -1 - 2.
2
What is 9 + -15 + 9 + 5?
8
-11 - (-17 + -7 - -5)
8
13 + 5 + -11 + -6 + 3
4
Evaluate 5 + (4 + -3 - 4).
2
Evaluate 8 + -5 + 15 + -24.
-6
Evaluate 10 - ((7 - 8) + 5).
6
Calculate -7 - 0 - (-2 - (-3 + 4)).
-4
-14 + 2 + -44 + 53
-3
Evaluate (1 - 1) + -2 + (8 - 2).
4
-6 - (-1 + 0 + (7 - 9))
-3
What is (1 + -11 - 1) + (9 - 3)?
-5
7 - (5 - (-2 - -4))
4
Evaluate -8 - (-11 - -2 - -4).
-3
What is -1 - (-1 - (-1 + 9 + -6))?
2
What is (-5 - (-10 - -1)) + 0?
4
What is the value of 4 + (-7 - -3) + -4 + 2?
-2
Calculate 8 + -8 - -8 - 14.
-6
Evaluate 1 + -4 + -4 - (36 - 34).
-9
Calculate -5 - (-1 - (8 - 4) - -3).
-3
What is -13 + -5 + 4 + (-3 - -10)?
-7
What is 9 + -16 + 8 + -5 + -5?
-9
What is -1 + -1 - -1 - (0 + -4)?
3
Evaluate (13 - 12) + -4 + -1.
-4
What is 7 - (17 + (3 - 7))?
-6
Evaluate 10 - (12 - ((-6 - -9) + 4)).
5
Evaluate (-1 - -1) + (17 + 1 - 17).
1
Calculate (7 - 0) + (1 - 3).
5
4 - (-4 - 4) - 3
9
-6 + 2 + -2 + 6
0
-2 + 0 - (16 - (19 - 6))
-5
Evaluate (18 - 9 - 4) + 3.
8
What is the value of -7 + 11 + -2 + 2 + -8?
-4
What is (70 - 74) + (-2 - -2) + 0?
-4
What is 3 + (4 + 0 - (1 + 1))?
5
Evaluate -12 - (-4 - (10 + -9)).
-7
Calculate 3 + (-7 - -4) - -2.
2
Calculate 0 + 0 + -5 + -1 - -2.
-4
Evaluate -9 - (7 - (-1 - -11)).
-6
What is the value of (-4 - -4 - -2) + 4?
6
What is the value of -5 + 3 + (-2 - 1)?
-5
74 + -76 - (-5 - 1)
4
What is -1 - (4 + -8) - -1?
4
Calculate -10 + -9 + -9 + 20.
-8
What is (-11 - -9) + 7 + -3?
2
What is 1 + 0 + 1 + 6?
8
Evaluate 5 - 3 - (-1 - 2).
5
What is the value 